{"id":9975,"date":"2026-02-27T10:15:20","date_gmt":"2026-02-27T10:15:20","guid":{"rendered":"https:\/\/juuksuriteuhendus.ee\/kutseandmine\/?page_id=9975"},"modified":"2026-02-27T10:34:31","modified_gmt":"2026-02-27T10:34:31","slug":"erakooli-lopetaja-kutseeksam","status":"publish","type":"page","link":"https:\/\/juuksuriteuhendus.ee\/kutseandmine\/erakooli-lopetaja-kutseeksam\/","title":{"rendered":"Erakooli l\u00f5petaja kutseeksam"},"content":{"rendered":"\n<h3 class=\"wp-block-heading\"><br>Taotlus<\/h3>\n\n\n\n<div class=\"wp-block-buttons is-layout-flex wp-block-buttons-is-layout-flex\">\n<div class=\"wp-block-button\"><a class=\"wp-block-button__link wp-element-button\" href=\"https:\/\/docs.google.com\/forms\/d\/e\/1FAIpQLSckWu7w8qkSRO24v8eAm7WLAA99wxCb4SQi276Fnpvc5_bJuQ\/viewform\">Koosta taotlus siin<\/a><\/div>\n<\/div>\n\n\n\n<p>Samm 2 (etapp 1)<\/p>\n\n\n\n<h3 class=\"wp-block-heading\">Koosta veebiportfoolio<\/h3>\n\n\n\n<p class=\"has-tertiary-background-color has-background\">\u00d5pimapi osad on:<br>Habeme ja vuntside l\u00f5ikamine ja kujundamine<br>P\u00fcsiloki tegemine<br>Soengu kujundamine (osaline t\u00f5endamine)<br>Veebiportfoolio n\u00e4idis\u00a0<a href=\"https:\/\/sites.google.com\/view\/opimappkutseeksamjuuksurtase4\/kodu?authuser=0\" target=\"_blank\" rel=\"noreferrer noopener\">veebileht<\/a><mark>   \u00a0<\/mark><strong><em><mark>Keskkond kus portfoolio luuakse on vaba \u2013 ei pea olema nagu n\u00e4idise<\/mark><\/em><\/strong><mark><strong><em>l<\/em><\/strong><\/mark><\/p>\n\n\n\n<p>Samm 3 (etapp 2)<\/p>\n\n\n\n<h3 class=\"wp-block-heading\">Teooriaeksam<\/h3>\n\n\n\n<p>Digitaalne teooriaeksam. Sisaldab nii kodulehel olevaid harjutusk\u00fcsimusi kui situatsiooni lahendamise k\u00fcsimusi.\u2026<br>Kordamisk\u00fcsimused leiad&nbsp;<a href=\"https:\/\/juuksuriteuhendus.ee\/kutseandmine\/kordamiskusimused\/\" title=\"\">SIIT<\/a><\/p>\n\n\n\n<p>Teooriaeksami juhendi leiad <a href=\"https:\/\/juuksuriteuhendus.ee\/kutseandmine\/kutseeksami-tingimused-kutsekooli-lopetajale\/#null\" title=\"\">SIIT<\/a><\/p>\n\n\n\n<p>Samm 3 (etapp 3)<\/p>\n\n\n\n<h3 class=\"wp-block-heading\">Praktiline eksam<\/h3>\n\n\n\n<p>Eksamit\u00f6\u00f6 on tavaline salongiteenus. Eksamil hinnatakse valmisolekut t\u00f6\u00f6tamaks juuksurina.<br><a href=\"https:\/\/juuksuriteuhendus.ee\/kutseandmine\/wp-content\/uploads\/2026\/02\/Eksami-reeglid-alates-kevad-2024.pdf\" title=\"\">Eksami juhend<\/a><\/p>\n\n\n\n<div class=\"wp-block-file\"><a id=\"wp-block-file--media-3e44d304-9c73-46dd-974f-434843ea5446\" href=\"https:\/\/juuksuriteuhendus.ee\/kutseandmine\/wp-content\/uploads\/2026\/02\/Eksami-reeglid-alates-kevad-2024.pdf\">Eksami-reeglid-alates-kevad-2024<\/a><a href=\"https:\/\/juuksuriteuhendus.ee\/kutseandmine\/wp-content\/uploads\/2026\/02\/Eksami-reeglid-alates-kevad-2024.pdf\" class=\"wp-block-file__button wp-element-button\" download aria-describedby=\"wp-block-file--media-3e44d304-9c73-46dd-974f-434843ea5446\">Laadi alla<\/a><\/div>\n\n\n\n<h3 class=\"wp-block-heading\">KLIENTIDE VALIK EKSAMILE<\/h3>\n\n\n\n<p>Tingimused kliendile:<\/p>\n\n\n\n<ul class=\"wp-block-list\">\n<li>Kogu t\u00f6\u00f6 teostamise aja on modell kaetud kliendikatte ehk l\u00f5ikuslinaga, mis<br>eemaldatakse alles siis, kui t\u00f6\u00f6 on l\u00f5plikult valmis;<\/li>\n\n\n\n<li>Kliendi kogu juuksekasvuala on juustega kaetud ning juuste pikkus v\u00f5imaldab neid l\u00f5igata n\u00f5utud pikkuse v\u00f5rra;<\/li>\n\n\n\n<li>Kliendi juuksed (meest\u00f6\u00f6) v\u00f5ivad olla v\u00e4rvitud, kuid see peab toetama juuste l\u00f5ikust;<\/li>\n\n\n\n<li>Naist\u00f6\u00f6 kliendi juuksed peavad v\u00f5imaldama teostada v\u00e4rvimuutust sh  loositud v\u00e4rvitehnikat.<\/li>\n\n\n\n<li>Naist\u00f6\u00f6 kliendi juuksel\u00f5ikus peab olema teostatud vastavalt juuksel\u00f5ikusvormile. NB! Pikkuse piirangut ei ole, kuid v\u00e4ga pikkade juuste puhul pole v\u00f5imalik hinnata juuksel\u00f5ikuse vastavust l\u00f5ikusvormile;<\/li>\n\n\n\n<li>Kliendi juustele ei tohi olla lisatud lisajuukseid jms;<\/li>\n\n\n\n<li>Klient ei tohi juuksurit assisteerida ega juhendada.<\/li>\n<\/ul>\n\n\n\n<p>Samm 4<\/p>\n\n\n\n<h3 class=\"wp-block-heading\">Tulemused<\/h3>\n\n\n\n<p>Hindamiskomisjon, mis koosneb hindajaks olemise kriteeriumitele vastavatest t\u00f6\u00f6tavatest juuksuritest, teeb kutsekomisjonile ettepaneku kutse andmise v\u00f5i mitte andmise kohta. See v\u00f5tab aega 2-3 p\u00e4eva<br>Loe tulemuste teatamisest&nbsp;<a href=\"https:\/\/juuksuriteuhendus.ee\/kutseandmine\/kutseeksami-tingimused-kutsekooli-lopetajale\/#undefined\" title=\"\">SIIT<\/a><\/p>\n","protected":false},"excerpt":{"rendered":"<p>Taotlus Samm 2 (etapp 1) Koosta veebiportfoolio \u00d5pimapi osad on:Habeme ja vuntside l\u00f5ikamine ja kujundamineP\u00fcsiloki tegemineSoengu kujundamine (osaline t\u00f5endamine)Veebiportfoolio n\u00e4idis\u00a0veebileht \u00a0Keskkond kus portfoolio luuakse on vaba \u2013 ei pea olema nagu n\u00e4idisel Samm 3 (etapp 2) Teooriaeksam Digitaalne teooriaeksam. Sisaldab nii kodulehel olevaid harjutusk\u00fcsimusi kui situatsiooni lahendamise k\u00fcsimusi.\u2026Kordamisk\u00fcsimused leiad&nbsp;SIIT Teooriaeksami juhendi leiad SIIT Samm 3 [&hellip;]<\/p>\n","protected":false},"author":1,"featured_media":0,"parent":0,"menu_order":0,"comment_status":"closed","ping_status":"closed","template":"page-with-title","meta":{"_monsterinsights_skip_tracking":false,"_monsterinsights_sitenote_active":false,"_monsterinsights_sitenote_note":"","_monsterinsights_sitenote_category":0,"footnotes":""},"class_list":["post-9975","page","type-page","status-publish","hentry"],"aioseo_notices":[],"_links":{"self":[{"href":"https:\/\/juuksuriteuhendus.ee\/kutseandmine\/wp-json\/wp\/v2\/pages\/9975","targetHints":{"allow":["GET"]}}],"collection":[{"href":"https:\/\/juuksuriteuhendus.ee\/kutseandmine\/wp-json\/wp\/v2\/pages"}],"about":[{"href":"https:\/\/juuksuriteuhendus.ee\/kutseandmine\/wp-json\/wp\/v2\/types\/page"}],"author":[{"embeddable":true,"href":"https:\/\/juuksuriteuhendus.ee\/kutseandmine\/wp-json\/wp\/v2\/users\/1"}],"replies":[{"embeddable":true,"href":"https:\/\/juuksuriteuhendus.ee\/kutseandmine\/wp-json\/wp\/v2\/comments?post=9975"}],"version-history":[{"count":3,"href":"https:\/\/juuksuriteuhendus.ee\/kutseandmine\/wp-json\/wp\/v2\/pages\/9975\/revisions"}],"predecessor-version":[{"id":9985,"href":"https:\/\/juuksuriteuhendus.ee\/kutseandmine\/wp-json\/wp\/v2\/pages\/9975\/revisions\/9985"}],"wp:attachment":[{"href":"https:\/\/juuksuriteuhendus.ee\/kutseandmine\/wp-json\/wp\/v2\/media?parent=9975"}],"curies":[{"name":"wp","href":"https:\/\/api.w.org\/{rel}","templated":true}]}}