{"id":34,"date":"2026-02-26T16:34:26","date_gmt":"2026-02-26T16:34:26","guid":{"rendered":"https:\/\/juuksuriteuhendus.ee\/kutseandmine\/kkk-korduvad-kusimused\/"},"modified":"2026-02-28T11:19:41","modified_gmt":"2026-02-28T11:19:41","slug":"kkk-korduvad-kusimused","status":"publish","type":"page","link":"https:\/\/juuksuriteuhendus.ee\/kutseandmine\/kkk-korduvad-kusimused\/","title":{"rendered":"KKK (Korduvad k\u00fcsimused)"},"content":{"rendered":"<style>#sp-ea-9997 .spcollapsing { height: 0; overflow: hidden; transition-property: height;transition-duration: 300ms;}#sp-ea-9997.sp-easy-accordion>.sp-ea-single {margin-bottom: 10px; border: 1px solid #e2e2e2; }#sp-ea-9997.sp-easy-accordion>.sp-ea-single>.ea-header a {color: #444;}#sp-ea-9997.sp-easy-accordion>.sp-ea-single>.sp-collapse>.ea-body {background: #fff; color: #444;}#sp-ea-9997.sp-easy-accordion>.sp-ea-single {background: #eee;}#sp-ea-9997.sp-easy-accordion>.sp-ea-single>.ea-header a .ea-expand-icon { float: left; color: #444;font-size: 16px;}<\/style><div id=\"sp_easy_accordion-1772191624\"><div id=\"sp-ea-9997\" class=\"sp-ea-one sp-easy-accordion\" data-ea-active=\"ea-click\" data-ea-mode=\"vertical\" data-preloader=\"\" data-scroll-active-item=\"\" data-offset-to-scroll=\"0\"><div class=\"ea-card ea-expand sp-ea-single\"><h3 class=\"ea-header\"><a class=\"collapsed\" id=\"ea-header-99970\" role=\"button\" data-sptoggle=\"spcollapse\" data-sptarget=\"#collapse99970\" aria-controls=\"collapse99970\" href=\"#\" aria-expanded=\"true\" tabindex=\"0\"><i aria-hidden=\"true\" role=\"presentation\" class=\"ea-expand-icon eap-icon-ea-expand-minus\"><\/i> Mis on kutsetunnistus<\/a><\/h3><div class=\"sp-collapse spcollapse collapsed show\" id=\"collapse99970\" data-parent=\"#sp-ea-9997\" role=\"region\" aria-labelledby=\"ea-header-99970\"> <div class=\"ea-body\"><p>Kutsetunnistus on dokument, mis t\u00f5endab, et sul on olemas k\u00f5ik\u00a0vastavas kutsestandardis\u00a0kirjeldatud oskused ja teadmised.<\/p><p>Kutsetunnistuse annab v\u00e4lja Kutsekoja poolt kinnitatud kutse andja juurde moodustatud kutsekomisjon, kes omakorda m\u00e4\u00e4rab hindamiskomisjoni.<\/p><p>Kooli poolt v\u00e4lja antud tunnistus, kuhu on lisatud m\u00e4rge kutsestandardi j\u00e4rgi koostatud \u00f5ppekava l\u00e4bimise kohta, ei ole kutsetunnistus.<\/p><p>Kutsetunnistuse saamiseks tuleb sooritada kutseeksam ning tunnistuse annab v\u00e4lja Kutsekoda koost\u00f6\u00f6s kutse andjaga, kelleks on Juuksurite \u00dchendus.<\/p><p>Kutsetunnistus on ainuke tunnistus, mida tunnistavad teised riigid ning mida arvestavad n\u00e4iteks pangad laenu taotlemisel jms.<\/p><\/div><\/div><\/div><div class=\"ea-card sp-ea-single\"><h3 class=\"ea-header\"><a class=\"collapsed\" id=\"ea-header-99971\" role=\"button\" data-sptoggle=\"spcollapse\" data-sptarget=\"#collapse99971\" aria-controls=\"collapse99971\" href=\"#\" aria-expanded=\"false\" tabindex=\"0\"><i aria-hidden=\"true\" role=\"presentation\" class=\"ea-expand-icon eap-icon-ea-expand-plus\"><\/i> Mida kujutab endast kutseeksam?<\/a><\/h3><div class=\"sp-collapse spcollapse \" id=\"collapse99971\" data-parent=\"#sp-ea-9997\" role=\"region\" aria-labelledby=\"ea-header-99971\"> <div class=\"ea-body\"><p>Kutseeksam on oma teadmiste ja oskuste t\u00f5estamine vastavalt kehtivale kutsestandardile. Juuksuritel on 3 kutsetaset, mis on kirjeldatud selle lehe men\u00fc\u00fcs: juuksur, tase 4; osakutse barber, tase 4 ja meisterjuuksur, tase 5<\/p><\/div><\/div><\/div><div class=\"ea-card sp-ea-single\"><h3 class=\"ea-header\"><a class=\"collapsed\" id=\"ea-header-99972\" role=\"button\" data-sptoggle=\"spcollapse\" data-sptarget=\"#collapse99972\" aria-controls=\"collapse99972\" href=\"#\" aria-expanded=\"false\" tabindex=\"0\"><i aria-hidden=\"true\" role=\"presentation\" class=\"ea-expand-icon eap-icon-ea-expand-plus\"><\/i> Kes saab tulla kutseeksamile`?<\/a><\/h3><div class=\"sp-collapse spcollapse \" id=\"collapse99972\" data-parent=\"#sp-ea-9997\" role=\"region\" aria-labelledby=\"ea-header-99972\"> <div class=\"ea-body\"><p>Juuksur, tase 4 ja osakutse barber, tase 4 kutseeksamile saab tulla iga\u00fcks, kes on l\u00f5petanud vastava alg\u00f5ppe koolituse. See t\u00e4hendab, et ei pea olema kutsekooli l\u00f5petanud, sobib ka erakool ja individuaal\u00f5pe.<\/p><p>Meisterjuuksuri eksamile p\u00e4\u00e4seb ainult juuksur, kellel on staa\u017ei v\u00e4hemalt 8 aastat ja l\u00e4binud n\u00f5utud koolitused<\/p><\/div><\/div><\/div><div class=\"ea-card sp-ea-single\"><h3 class=\"ea-header\"><a class=\"collapsed\" id=\"ea-header-99973\" role=\"button\" data-sptoggle=\"spcollapse\" data-sptarget=\"#collapse99973\" aria-controls=\"collapse99973\" href=\"#\" aria-expanded=\"false\" tabindex=\"0\"><i aria-hidden=\"true\" role=\"presentation\" class=\"ea-expand-icon eap-icon-ea-expand-plus\"><\/i> Kui palju kutseeksam maksab?<\/a><\/h3><div class=\"sp-collapse spcollapse \" id=\"collapse99973\" data-parent=\"#sp-ea-9997\" role=\"region\" aria-labelledby=\"ea-header-99973\"> <div class=\"ea-body\"><p>Kutsekoolide l\u00f5petajate kutseeksami eest maksab riik. Kui eksam eba\u00f5nnestub, siis j\u00e4releksam on tasuline.<\/p><p>Era\u00f5ppe l\u00e4binutele maksab juuksur, tase 4 ja meisterjuuksur, tase 5 kutseeksam 242.00 EUR ning barberi eksam 176.00 EUR<\/p><p>Hinna moodustavad nii organisatoorne kulu, s\u00f5idu- ja majutuskulud kui hindajate t\u00f6\u00f6tasu ja eksami arendust\u00f6\u00f6. Barberi hind on odavam p\u00f5hjusel, et tegemist on ainult praktilise eksamiga, teistel juhtudel on tegemist kombineeritud eksamitega.<\/p><\/div><\/div><\/div><div class=\"ea-card sp-ea-single\"><h3 class=\"ea-header\"><a class=\"collapsed\" id=\"ea-header-99974\" role=\"button\" data-sptoggle=\"spcollapse\" data-sptarget=\"#collapse99974\" aria-controls=\"collapse99974\" href=\"#\" aria-expanded=\"false\" tabindex=\"0\"><i aria-hidden=\"true\" role=\"presentation\" class=\"ea-expand-icon eap-icon-ea-expand-plus\"><\/i> Kui kaua kutsetunnistus kehtib?<\/a><\/h3><div class=\"sp-collapse spcollapse \" id=\"collapse99974\" data-parent=\"#sp-ea-9997\" role=\"region\" aria-labelledby=\"ea-header-99974\"> <div class=\"ea-body\"><p>Juuksurite kutsetunnistused kehtivad 10 aastat. Kui aeg hakkab l\u00f5ppema, saadab Kutsekoda l\u00e4bi eesti.ee sellekohase teavituse.<\/p><p><em>Juuksurite \u00dchendus on kutse andja alates 11.2017. Varasemalt v\u00e4lja antud tunnistuse kehtivuse aja kohta oskab infot anda varasem kutseandaja, kelle nimi on \u00e4ra toodud kutsetunnistusel.<\/em><\/p><\/div><\/div><\/div><div class=\"ea-card sp-ea-single\"><h3 class=\"ea-header\"><a class=\"collapsed\" id=\"ea-header-99975\" role=\"button\" data-sptoggle=\"spcollapse\" data-sptarget=\"#collapse99975\" aria-controls=\"collapse99975\" href=\"#\" aria-expanded=\"false\" tabindex=\"0\"><i aria-hidden=\"true\" role=\"presentation\" class=\"ea-expand-icon eap-icon-ea-expand-plus\"><\/i> Kuidas saan kutsetunnistust pikendada?<\/a><\/h3><div class=\"sp-collapse spcollapse \" id=\"collapse99975\" data-parent=\"#sp-ea-9997\" role=\"region\" aria-labelledby=\"ea-header-99975\"> <div class=\"ea-body\"><p>Kutse taast\u00f5endamine on pm eksam, kuid selle eesm\u00e4rgiks pole hinnata praktilisi oskusi vaid tegutsemist juuksurina. Dokumente hindavad m\u00e4\u00e4ratud hindajad.<\/p><p>Kutse taast\u00f5endamisest saad t\u00e4psemalt lugeda iga kutsetaseme alalehel<\/p><p>Tunnistus v\u00f5etakse hindamisele ainult juhul, kui selle esitab tegevjuuksur. Neil, kes juuksurina ei t\u00f6\u00f6ta, pole v\u00f5imalik kutsetunnistust pikendada.<\/p><p>Kutse taast\u00f5endamine on tasuline 130 EUR. Hinna moodustab organisatoorne kulu kui ka hindajate t\u00f6\u00f6tasu. K\u00f5ik dokumendid vaadatakse\u00a0 \u00fcle ja kontrollitakse nende \u00f5igsust. Vajadusel palutakse saata lisadokumente.<\/p><\/div><\/div><\/div><div class=\"ea-card sp-ea-single\"><h3 class=\"ea-header\"><a class=\"collapsed\" id=\"ea-header-99976\" role=\"button\" data-sptoggle=\"spcollapse\" data-sptarget=\"#collapse99976\" aria-controls=\"collapse99976\" href=\"#\" aria-expanded=\"false\" tabindex=\"0\"><i aria-hidden=\"true\" role=\"presentation\" class=\"ea-expand-icon eap-icon-ea-expand-plus\"><\/i> Olen t\u00f6\u00f6tanud juuksurina pikka aega (\u00fcle 5 aasta) ja soovin kutsetunnistust. Kas pean tulema eksamile?<\/a><\/h3><div class=\"sp-collapse spcollapse \" id=\"collapse99976\" data-parent=\"#sp-ea-9997\" role=\"region\" aria-labelledby=\"ea-header-99976\"> <div class=\"ea-body\"><p>Saab ka ilma praktilise eksamita.<\/p><p>Piisava t\u00f6\u00f6staa\u017ei olemasolul saab kutsetunnistust taotleda V\u00d5TA abil<\/p><p>See kehtib ainult nende kutsete puhul:<\/p><ul><li>juuksur, tase 4<\/li><li>osakutse barber, tase 4<\/li><\/ul><p>T\u00e4psemalt loe kutsetaseme alalehelt<\/p><\/div><\/div><\/div><div class=\"ea-card sp-ea-single\"><h3 class=\"ea-header\"><a class=\"collapsed\" id=\"ea-header-99977\" role=\"button\" data-sptoggle=\"spcollapse\" data-sptarget=\"#collapse99977\" aria-controls=\"collapse99977\" href=\"#\" aria-expanded=\"false\" tabindex=\"0\"><i aria-hidden=\"true\" role=\"presentation\" class=\"ea-expand-icon eap-icon-ea-expand-plus\"><\/i> Milline kutse valida?<\/a><\/h3><div class=\"sp-collapse spcollapse \" id=\"collapse99977\" data-parent=\"#sp-ea-9997\" role=\"region\" aria-labelledby=\"ea-header-99977\"> <div class=\"ea-body\"><p>Juuksur, tase 4 on juuksurite esmane kutsetase, mille saab peale kutseeksami sooritamist. Kui sul on kutsetunnistusel n\u00e4iteks m\u00e4rge juuksu I, siis see on sama, mis juuksur, tase 4<\/p><p>Osakutse barber, tase 4 on m\u00f5eldud neile, kes t\u00f6\u00f6tavad barbershopis v\u00f5i soovivad seal t\u00f6\u00f6le asuda.<\/p><p>Meisterjuuksur, tase 5 kutsetunnistus on juuksurite taseme t\u00f5stmise tunnistus, mille saab peale vastava\u00a0kutseeksami\u00a0sooritamist. Seda taset pole v\u00f5imalik taotleda\u00a0V\u00d5TA\u00a0abil nagu juuksur, tase 4 ja osakutse barber, tase 4 kutsetunnistust.<\/p><p>K\u00f5ik kutsetunnistused antakse v\u00e4lja 10 aastaks. Kui peale seda enam juuksurina ei t\u00f6\u00f6tata v\u00f5i ei ole peale kooli l\u00f5petamist seda t\u00f6\u00f6d tehtud, siis tunnistust ei pikendata<\/p><\/div><\/div><\/div><div class=\"ea-card sp-ea-single\"><h3 class=\"ea-header\"><a class=\"collapsed\" id=\"ea-header-99978\" role=\"button\" data-sptoggle=\"spcollapse\" data-sptarget=\"#collapse99978\" aria-controls=\"collapse99978\" href=\"#\" aria-expanded=\"false\" tabindex=\"0\"><i aria-hidden=\"true\" role=\"presentation\" class=\"ea-expand-icon eap-icon-ea-expand-plus\"><\/i> Soovin kutsetunnistust pikendada, aga t\u00f6\u00f6tan v\u00e4lisriigis?<\/a><\/h3><div class=\"sp-collapse spcollapse \" id=\"collapse99978\" data-parent=\"#sp-ea-9997\" role=\"region\" aria-labelledby=\"ea-header-99978\"> <div class=\"ea-body\"><p>Kutsetunnistuse pikendamiseks esitatavad dokumendid v\u00f5ivad olla v\u00e4lja antud ka v\u00e4lisriigis.<\/p><\/div><\/div><\/div><div class=\"ea-card sp-ea-single\"><h3 class=\"ea-header\"><a class=\"collapsed\" id=\"ea-header-99979\" role=\"button\" data-sptoggle=\"spcollapse\" data-sptarget=\"#collapse99979\" aria-controls=\"collapse99979\" href=\"#\" aria-expanded=\"false\" tabindex=\"0\"><i aria-hidden=\"true\" role=\"presentation\" class=\"ea-expand-icon eap-icon-ea-expand-plus\"><\/i> \u00d5ppisin juuksuriks v\u00e4lisriigis, kas minu tunnistus siin kehtib?<\/a><\/h3><div class=\"sp-collapse spcollapse \" id=\"collapse99979\" data-parent=\"#sp-ea-9997\" role=\"region\" aria-labelledby=\"ea-header-99979\"> <div class=\"ea-body\"><p>Tunnistuse vastavust aitab m\u00e4\u00e4ratleda\u00a0<a href=\"https:\/\/harno.ee\/enicnaric\">https:\/\/harno.ee\/enicnaric\u00a0<\/a><\/p><p>Kui leht tundub liialt keerukas, siis kirjuta neile.<\/p><p>Samuti on v\u00f5imalik kohalikku kutsetunnistust taotleda V\u00d5TA abil\u00a0<a href=\"https:\/\/juuksuriteuhendus.ee\/vota\/\">https:\/\/juuksuriteuhendus.ee\/vota\/<\/a><\/p><\/div><\/div><\/div><div class=\"ea-card sp-ea-single\"><h3 class=\"ea-header\"><a class=\"collapsed\" id=\"ea-header-999710\" role=\"button\" data-sptoggle=\"spcollapse\" data-sptarget=\"#collapse999710\" aria-controls=\"collapse999710\" href=\"#\" aria-expanded=\"false\" tabindex=\"0\"><i aria-hidden=\"true\" role=\"presentation\" class=\"ea-expand-icon eap-icon-ea-expand-plus\"><\/i> Kas mul peab olema kutsetunnistus?<\/a><\/h3><div class=\"sp-collapse spcollapse \" id=\"collapse999710\" data-parent=\"#sp-ea-9997\" role=\"region\" aria-labelledby=\"ea-header-999710\"> <div class=\"ea-body\"><p>Kutsetunnistus on kvaliteedim\u00e4rk ning selleks, et eraldada terad s\u00f5kaldest, on oluline omada tunnistust, mis on tunnustatud Kutsekoja poolt. Kutseeksamil on hindajateks oma ala parimad kutsetunnistusega edukad juuksurid.<\/p><p>Iluteenindajal peavad olema\u00a0<strong>t\u00f5endatavad teadmised\u00a0<\/strong>ja\u00a0<strong>praktilised oskused<\/strong> teenuse ohutuks osutamiseks. Eelistatud on kehtiv kutsetunnistus, kuid sobivad ka koolitust\u00f5endid, tunnistused, sertifikaadid v\u00f5i muud usaldusv\u00e4\u00e4rsed t\u00f5endusmaterjalid. (Terviseamet)<\/p><p>&nbsp;<\/p><\/div><\/div><\/div><\/div><\/div>\n","protected":false},"excerpt":{"rendered":"","protected":false},"author":1,"featured_media":0,"parent":0,"menu_order":0,"comment_status":"closed","ping_status":"closed","template":"page-with-title","meta":{"_monsterinsights_skip_tracking":false,"_monsterinsights_sitenote_active":false,"_monsterinsights_sitenote_note":"","_monsterinsights_sitenote_category":0,"footnotes":""},"class_list":["post-34","page","type-page","status-publish","hentry"],"aioseo_notices":[],"_links":{"self":[{"href":"https:\/\/juuksuriteuhendus.ee\/kutseandmine\/wp-json\/wp\/v2\/pages\/34","targetHints":{"allow":["GET"]}}],"collection":[{"href":"https:\/\/juuksuriteuhendus.ee\/kutseandmine\/wp-json\/wp\/v2\/pages"}],"about":[{"href":"https:\/\/juuksuriteuhendus.ee\/kutseandmine\/wp-json\/wp\/v2\/types\/page"}],"author":[{"embeddable":true,"href":"https:\/\/juuksuriteuhendus.ee\/kutseandmine\/wp-json\/wp\/v2\/users\/1"}],"replies":[{"embeddable":true,"href":"https:\/\/juuksuriteuhendus.ee\/kutseandmine\/wp-json\/wp\/v2\/comments?post=34"}],"version-history":[{"count":4,"href":"https:\/\/juuksuriteuhendus.ee\/kutseandmine\/wp-json\/wp\/v2\/pages\/34\/revisions"}],"predecessor-version":[{"id":9998,"href":"https:\/\/juuksuriteuhendus.ee\/kutseandmine\/wp-json\/wp\/v2\/pages\/34\/revisions\/9998"}],"wp:attachment":[{"href":"https:\/\/juuksuriteuhendus.ee\/kutseandmine\/wp-json\/wp\/v2\/media?parent=34"}],"curies":[{"name":"wp","href":"https:\/\/api.w.org\/{rel}","templated":true}]}}